nd j.
6
Let w = 85 - 51. Suppose -12*v = -44*v + 6449 + 3343. Calculate the highest common divisor of w and v.
34
Suppose -3*m + j + 3884 = 1509, 5*m + 3*j - 3935 = 0. Let p = 99084 + -99074. Calculate the greatest common divisor of m and p.
10
Suppose 0 = 5*p + 25 - 40. Suppose y - p*n + 2*n - 158 = 0, 0 = -y - 5*n + 170. Calculate the highest common divisor of 60 and y.
20
Suppose 5*p + 4*l - 4931 = 0, -2730*p + 2*l = -2731*p + 985. What is the greatest common divisor of p and 11515?
329
Let h(z) = 62*z + 644. Let r be h(49). What is the greatest common factor of r and 14?
14
Let m be 23/(483/54)*14/(-3). Let b(o) = -26*o + 96. Let l be b(m). Calculate the greatest common factor of l and 12.
12
Suppose 4*i = -b + 388, -948 = -3*b - i + 172. Calculate the highest common divisor of 2511 and b.
93
Let k = 1399 + -1299. Calculate the highest common divisor of k and 560.
20
Let f be (-1067)/(-88) - 3/24. Suppose 0 = g - 2*l - 215, 4*g + f*l - 14*l - 866 = 0. What is the greatest common factor of g and 62?
31
Suppose l + 49 = 3*t, 5*l = -2*t + 49 - 39. Calculate the greatest common divisor of 8985 and t.
15
Let f = 12 + -10. Suppose 585 = f*h + 3*h. Let d(a) = a**3 + 6*a**2 - 20*a - 19. Let s be d(-8). Calculate the greatest common factor of s and h.
13
Let b be (-4)/10 + (-324)/(-10). Let w = -516 - -519. Suppose -2*a = w*o - 20, 5*a - 4*o - 91 - 5 = 0. What is the greatest common factor of b and a?
16
Let g = 209 + -213. Let b be (-1*g/(-8))/((-3)/138). Calculate the highest common divisor of 161 and b.
23
Let x = -469 + 1087. Calculate the highest common divisor of 6 and x.
6
Let u be 17*(39 - 65/13*-2). What is the greatest common factor of 8925 and u?
119
Let g be ((-14)/21)/(2/651). Let r = -157 - g. What is the greatest common factor of 15 and r?
15
Let o = 6362 - 6348. Calculate the highest common divisor of o and 371.
7
Suppose 216 - 126 = 6*c. Let i = -4 + 7. Suppose x = -0*g - g + c, -i*g - 2*x + 41 = 0. What is the greatest common factor of g and 55?
11
Let t(w) = -31*w - 2162. Let s be t(-70). Suppose 0 = -5*n - 1 + 6. Calculate the greatest common divisor of n and s.
1
Suppose 9*m - 105 = -7*m - 41. What is the highest common divisor of 41 and m?
1
Let b be 2/((-1)/(-12)*4). Suppose 0 = 4*x - 38 - b. Suppose -3*l = -190 + 58. Calculate the highest common divisor of x and l.
11
Let c = -43 + -52. Let g = -78 - c. What is the highest common divisor of g and 17?
17
Suppose -11*k - 112 = -35*k - 4*k. What is the highest common divisor of k and 950?
2
Let a = -52946 + 53189. Suppose -2*j + 5*j = 27. What is the greatest common divisor of a and j?
9
Let w = 6 - -39. Let r be 2/(-6) - (-1050)/w. Let d = 182 - 159. What is the highest common factor of r and d?
23
Let c = 1225 + -1200. Calculate the greatest common factor of 55 and c.
5
Suppose 775 = 5*n + k, 3*k + 149 = n + 2*k. Suppose 8*x + 3*x - n = 0. Let m(r) = 34*r - 4. Let d be m(3). What is the greatest common divisor of x and d?
14
Suppose -4691 = 78*x - 81599. What is the greatest common factor of 29 and x?
29
Suppose 0 = -4*g + 3*b - 337 + 401, -3*g = b - 61. Calculate the greatest common divisor of g and 3439.
19
Let b = -10332 - -10364. Let s(v) = 9*v**2 + 8*v. Let a be s(-8). Calculate the highest common divisor of b and a.
32
Suppose 3*d = -2*t + 4*t + 26, -4 = 4*t. Suppose 2*v - 2*k = 392, -2*v = -d*k + 3*k - 386. Suppose 1 = o - 17. What is the highest common divisor of o and v?
18
Suppose 5*j - 2*t - 8674 = 0, -2*j - 5*t = 1386 - 4844. What is the greatest common factor of 102 and j?
102
Suppose 245*j = 32*j + 15762. Calculate the greatest common divisor of 2923 and j.
37
Suppose -34261*u + 37840 = -34257*u. What is the greatest common factor of u and 10?
10
Suppose 0 = -4*c - 2*k + 1002, -754 = 58*c - 61*c - 2*k. Calculate the highest common factor of c and 434.
62
Let m(f) = 40*f**2 - 31*f - 86. Let g be m(-10). Calculate the highest common factor of g and 99.
33
Let n be ((-119)/(-85))/((-35)/(-500)). Let w = 128 - 58. What is the highest common factor of w and n?
10
Suppose -8*y - 397 = -10*y - 3*x, y + x - 196 = 0. Suppose -y = -4*h + 37. What is the highest common factor of 57 and h?
57
Let r = 4 + 134. Let a = -180 + 639. Suppose 0 = -4*y - 4*p + 172, -177 + a = 6*y - 2*p. What is the highest common divisor of r and y?
46
Let m = 403 + -394. Suppose -238 = -m*x + 176. Calculate the highest common factor of x and 253.
23
Let p be -6*(0 - -1 - 2). Let s be (-72)/108*819/(-26). What is the highest common factor of p and s?
3
Let u be ((-447425)/(-66))/25 - (-1)/(-6). Let d = 281 - u. What is the highest common divisor of d and 2?
2
Suppose 2*w + 14 = -152. Let r = w - -117. Suppose 0 = -2*b - 2*z + 142, -5*z - 257 = -6*b + 2*b. Calculate the highest common factor of r and b.
34
Let b = 263 - 241. Suppose -100 = b*d - 27*d. Calculate the highest common divisor of 100 and d.
20
Let m(h) = 319*h + 2398. Let d be m(-7). What is the highest common factor of 825 and d?
165
Suppose 2*c - 4*k = 0, -2*c + 7*k - 4*k = -5. Suppose c*p - 395 = 485. Suppose 104 + p = 6*n. What is the greatest common factor of 2 and n?
2
Let j = -1 - 5. Let q be 18/(-27) - 670/j. What is the highest common divisor of 74 and q?
37
Let j(b) = -b**2 + 2*b + 356. Let o be j(-17). What is the highest common divisor of 29 and o?
1
Suppose 3*y - 1463 - 527 = -c, -4*c + 645 = y. Let z be ((-24)/(-10))/(57/y). Calculate the highest common divisor of 42 and z.
14
Suppose -19*d + 65 = -49. Let k be ((-12)/(-4))/(d/230). Calculate the highest common divisor of 23 and k.
23
Let v = 4345 - 4153. What is the highest common divisor of v and 1344?
192
Let i = 40 + -61. Let w be (-1 + 7/5)/(i/(-210)). Let j be w*2/4 + -4 + 14. What is the highest common divisor of j and 8?
4
Suppose 0 = -0*y - 2*y + 5*n - 19, -1 = -2*y + n. Let d(u) = 2*u**2 - 32*u + 288. Let c be d(15). What is the greatest common factor of y and c?
3
Let a(x) = 15*x**2 - 1. Let b be a(-1). Let k be (172/215)/((-4)/(-280)). What is the greatest common factor of b and k?
14
Let r = 1814 + -1473. What is the highest common divisor of 3286 and r?
31
Let i be (-50 + -2)/1*(40 - 213). Calculate the greatest common factor of i and 26.
26
Suppose 28 = 2*y - 4*m, 13*y - 8*y - 5*m - 65 = 0. Suppose l + 4 = 12. Let d be (15/(-10))/((-3)/l). Calculate the highest common factor of d and y.
4
Let k = -621 - -626. Suppose -k*p + 2475 = 2*v - 500, 3*v - 4435 = -2*p. What is the greatest common factor of 59 and v?
59
Let b(v) = 3*v**2 - 7*v + 5. Let i be b(4). Let g be 8/1*((-270)/12)/(-9). What is the highest common factor of i and g?
5
Let p = -143 - -144. Let j be 20/(-14) - (-21)/49. Let r = j + 12. What is the greatest common divisor of p and r?
1
Let m = 289 - 275. Let c(j) = -j**2 + 29*j - 36. Let z be c(26). What is the greatest common factor of m and z?
14
Suppose 166 + 12 = b. Let n(m) = m**3 + 4*m**2 - 15*m + 4. Let g be n(6). Let t = g - b. Calculate the greatest common divisor of 32 and t.
32
Suppose -5 = -3*b - s - 1, -4*b + 4 = 2*s. Suppose 0 = -3*k - b*w + 124, 2*k + 3*w - 23 - 63 = 0. What is the greatest common divisor of 70 and k?
10
Let a be -20*540/(-1100) - (-2 - (-40)/22). What is the greatest common factor of a and 710?
10
Suppose -457 = -4*x - q, 2*x = 3*q - 24 + 249. Calculate the greatest common factor of 14364 and x.
114
Let h(b) = -b**2 - 32*b - 8. Let t = -177 - -153. Let y be h(t). What is the greatest common factor of 23 and y?
23
Let u be -4 + (-65)/(-15) - (-256)/6. Suppose -2*n + 1296 = v, 1938 = -u*n + 46*n + 3*v. Calculate the highest common divisor of n and 50.
50
Suppose 11*j = 772 + 306. What is the highest common divisor of 896 and j?
14
Let i = 3723 - 3643. What is the highest common factor of 500 and i?
20
Let x be 237/9 - 2/6. Let n = 22499 - 22497. Calculate the greatest common factor of x and n.
2
Let v = 229 + -257. Let q be (13/(-2))/((210/v)/15). What is the greatest common factor of q and 91?
13
Let d(r) = r**3 - 24*r**2 + 56*r - 11. Let s be d(22). Suppose -3*f + v + v = -27, 3*v = 2*f - 13. What is the highest common divisor of s and f?
11
Let g(w) = w**3 - w**2. Let a(f) = 3*f**3 - 16*f**2 - 32*f + 16. Let n(s) = -a(s) + 2*g(s). Let o be n(14). Calculate the greatest common divisor of o and 54.
54
Suppose 101